{"id":1147,"date":"2026-01-09T01:40:16","date_gmt":"2026-01-09T01:40:16","guid":{"rendered":"https:\/\/tienda.aurik3.com\/index.php\/producto\/extractor-digital-quita-espinillas-grasa\/"},"modified":"2026-01-09T01:40:16","modified_gmt":"2026-01-09T01:40:16","slug":"extractor-digital-quita-espinillas-grasa","status":"publish","type":"product","link":"https:\/\/tienda.aurik3.com\/index.php\/producto\/extractor-digital-quita-espinillas-grasa\/","title":{"rendered":"Extractor Digital Quita Espinillas Grasa"},"content":{"rendered":"<p>La Limpiador Succi\u00f3n vac\u00edo utiliza una Succi\u00f3n Limpiador suave y profunda para eliminar las impurezas de la piel, al mismo tiempo liberando la presi\u00f3n del aire y protege su piel de heridas. Ella un limpiador y herramienta de extracci\u00f3n para la eliminaci\u00f3n de la succi\u00f3n con aspiradora de vac\u00edo y exfoliante, que eliminaci\u00f3n espinilla, el acn\u00e9, la grasa, los \u00e1caros, exfolia y masajes en la cara. Caracter\u00edsticas: Contiene 4 tipos de sondas de belleza para m\u00faltiples opciones 5 fuerzas de succi\u00f3n ajustables, efectivas en eliminaci\u00f3n de espinilla, el acn\u00e9, las espinillas e imperfecciones Utiliza extracci\u00f3n a vac\u00edo para limpiar la piel Dise\u00f1o inal\u00e1mbrico con pantalla LED, f\u00e1cil de operar y conocer el estado de trabajo<\/p>\n<p>GARANT\u00cdAS QUE APLICAN&nbsp;<\/p>\n<ol>\n<li>PEDIDO INCOMPLETO<\/li>\n<li>PRODUCTO ROTO<\/li>\n<li>PRODUCTO DIFERENTE A LO QUE PIDI\u00d3<\/li>\n<li>UNA VEZ&nbsp; LLEGUE EL PRODUCTO POR &nbsp;REVISAR QUE&nbsp;EST\u00c9 EN BUEN ESTADO, QUE FUNCIONE Y QUE SI SEA EL PRODUCTO QUE SE PIDI\u00d3, NUESTROS PRODUCTOS SOLO CUENTAN CON 10 DIAS DE GARANTIA.<\/li>\n<\/ol>\n<p>GARANT\u00cdAS QUE NO APLICAN&nbsp;<\/p>\n<ol>\n<li>MAL FUNCIONAMIENTO DEL PRODUCTO<\/li>\n<li>ORDEN DIFERENTE<\/li>\n<li>DESPU\u00c9S 10 D\u00cdAS NO CUBRIMOS CON GARANT\u00cdAS<\/li>\n<\/ol>\n<p>&nbsp;<\/p>\n","protected":false},"excerpt":{"rendered":"<p>La Limpiador Succi\u00f3n vac\u00edo utiliza una Succi\u00f3n Limpiador suave y profunda para eliminar las impurezas de la piel, al mismo tiempo liberando la presi\u00f3n del aire y protege su piel de heridas. Ella un limpiador y herramienta de extracci\u00f3n para la eliminaci\u00f3n de la succi\u00f3n con aspiradora de vac\u00edo y exfoliante, que eliminaci\u00f3n espinilla, el&hellip;<\/p>\n","protected":false},"featured_media":1148,"comment_status":"open","ping_status":"closed","template":"","meta":[],"product_brand":[],"product_cat":[],"product_tag":[],"class_list":{"0":"post-1147","1":"product","2":"type-product","3":"status-publish","4":"has-post-thumbnail","7":"first","8":"instock","9":"shipping-taxable","10":"purchasable","11":"product-type-simple"},"yoast_head":"<!-- This site is optimized with the Yoast SEO plugin v26.7 - https:\/\/yoast.com\/wordpress\/plugins\/seo\/ -->\n<title>Extractor Digital Quita Espinillas Grasa - Aurik3 Tienda<\/title>\n<meta name=\"robots\" content=\"index, follow, max-snippet:-1, max-image-preview:large, max-video-preview:-1\" \/>\n<link rel=\"canonical\" href=\"https:\/\/tienda.aurik3.com\/index.php\/producto\/extractor-digital-quita-espinillas-grasa\/\" \/>\n<meta property=\"og:locale\" content=\"es_ES\" \/>\n<meta property=\"og:type\" content=\"article\" \/>\n<meta property=\"og:title\" content=\"Extractor Digital Quita Espinillas Grasa - Aurik3 Tienda\" \/>\n<meta property=\"og:description\" content=\"La Limpiador Succi\u00f3n vac\u00edo utiliza una Succi\u00f3n Limpiador suave y profunda para eliminar las impurezas de la piel, al mismo tiempo liberando la presi\u00f3n del aire y protege su piel de heridas. Ella un limpiador y herramienta de extracci\u00f3n para la eliminaci\u00f3n de la succi\u00f3n con aspiradora de vac\u00edo y exfoliante, que eliminaci\u00f3n espinilla, el&hellip;\" \/>\n<meta property=\"og:url\" content=\"https:\/\/tienda.aurik3.com\/index.php\/producto\/extractor-digital-quita-espinillas-grasa\/\" \/>\n<meta property=\"og:site_name\" content=\"Aurik3 Tienda\" \/>\n<meta name=\"twitter:card\" content=\"summary_large_image\" \/>\n<meta name=\"twitter:label1\" content=\"Tiempo de lectura\" \/>\n\t<meta name=\"twitter:data1\" content=\"1 minuto\" \/>\n<script type=\"application\/ld+json\" class=\"yoast-schema-graph\">{\"@context\":\"https:\/\/schema.org\",\"@graph\":[{\"@type\":\"WebPage\",\"@id\":\"https:\/\/tienda.aurik3.com\/index.php\/producto\/extractor-digital-quita-espinillas-grasa\/\",\"url\":\"https:\/\/tienda.aurik3.com\/index.php\/producto\/extractor-digital-quita-espinillas-grasa\/\",\"name\":\"Extractor Digital Quita Espinillas Grasa - Aurik3 Tienda\",\"isPartOf\":{\"@id\":\"https:\/\/tienda.aurik3.com\/#website\"},\"primaryImageOfPage\":{\"@id\":\"https:\/\/tienda.aurik3.com\/index.php\/producto\/extractor-digital-quita-espinillas-grasa\/#primaryimage\"},\"image\":{\"@id\":\"https:\/\/tienda.aurik3.com\/index.php\/producto\/extractor-digital-quita-espinillas-grasa\/#primaryimage\"},\"thumbnailUrl\":\"https:\/\/tienda.aurik3.com\/wp-content\/uploads\/2026\/01\/1254114.png\",\"datePublished\":\"2026-01-09T01:40:16+00:00\",\"breadcrumb\":{\"@id\":\"https:\/\/tienda.aurik3.com\/index.php\/producto\/extractor-digital-quita-espinillas-grasa\/#breadcrumb\"},\"inLanguage\":\"es\",\"potentialAction\":[{\"@type\":\"ReadAction\",\"target\":[\"https:\/\/tienda.aurik3.com\/index.php\/producto\/extractor-digital-quita-espinillas-grasa\/\"]}]},{\"@type\":\"ImageObject\",\"inLanguage\":\"es\",\"@id\":\"https:\/\/tienda.aurik3.com\/index.php\/producto\/extractor-digital-quita-espinillas-grasa\/#primaryimage\",\"url\":\"https:\/\/tienda.aurik3.com\/wp-content\/uploads\/2026\/01\/1254114.png\",\"contentUrl\":\"https:\/\/tienda.aurik3.com\/wp-content\/uploads\/2026\/01\/1254114.png\"},{\"@type\":\"BreadcrumbList\",\"@id\":\"https:\/\/tienda.aurik3.com\/index.php\/producto\/extractor-digital-quita-espinillas-grasa\/#breadcrumb\",\"itemListElement\":[{\"@type\":\"ListItem\",\"position\":1,\"name\":\"Portada\",\"item\":\"https:\/\/tienda.aurik3.com\/\"},{\"@type\":\"ListItem\",\"position\":2,\"name\":\"Shop\",\"item\":\"https:\/\/tienda.aurik3.com\/index.php\/shop\/\"},{\"@type\":\"ListItem\",\"position\":3,\"name\":\"Extractor Digital Quita Espinillas Grasa\"}]},{\"@type\":\"WebSite\",\"@id\":\"https:\/\/tienda.aurik3.com\/#website\",\"url\":\"https:\/\/tienda.aurik3.com\/\",\"name\":\"Aurik3 Tienda\",\"description\":\"\",\"publisher\":{\"@id\":\"https:\/\/tienda.aurik3.com\/#organization\"},\"potentialAction\":[{\"@type\":\"SearchAction\",\"target\":{\"@type\":\"EntryPoint\",\"urlTemplate\":\"https:\/\/tienda.aurik3.com\/?s={search_term_string}\"},\"query-input\":{\"@type\":\"PropertyValueSpecification\",\"valueRequired\":true,\"valueName\":\"search_term_string\"}}],\"inLanguage\":\"es\"},{\"@type\":\"Organization\",\"@id\":\"https:\/\/tienda.aurik3.com\/#organization\",\"name\":\"Aurik3 Tienda\",\"url\":\"https:\/\/tienda.aurik3.com\/\",\"logo\":{\"@type\":\"ImageObject\",\"inLanguage\":\"es\",\"@id\":\"https:\/\/tienda.aurik3.com\/#\/schema\/logo\/image\/\",\"url\":\"https:\/\/tienda.aurik3.com\/wp-content\/uploads\/2024\/10\/envo-one-logo.png\",\"contentUrl\":\"https:\/\/tienda.aurik3.com\/wp-content\/uploads\/2024\/10\/envo-one-logo.png\",\"width\":122,\"height\":60,\"caption\":\"Aurik3 Tienda\"},\"image\":{\"@id\":\"https:\/\/tienda.aurik3.com\/#\/schema\/logo\/image\/\"}}]}<\/script>\n<!-- \/ Yoast SEO plugin. -->","yoast_head_json":{"title":"Extractor Digital Quita Espinillas Grasa - Aurik3 Tienda","robots":{"index":"index","follow":"follow","max-snippet":"max-snippet:-1","max-image-preview":"max-image-preview:large","max-video-preview":"max-video-preview:-1"},"canonical":"https:\/\/tienda.aurik3.com\/index.php\/producto\/extractor-digital-quita-espinillas-grasa\/","og_locale":"es_ES","og_type":"article","og_title":"Extractor Digital Quita Espinillas Grasa - Aurik3 Tienda","og_description":"La Limpiador Succi\u00f3n vac\u00edo utiliza una Succi\u00f3n Limpiador suave y profunda para eliminar las impurezas de la piel, al mismo tiempo liberando la presi\u00f3n del aire y protege su piel de heridas. Ella un limpiador y herramienta de extracci\u00f3n para la eliminaci\u00f3n de la succi\u00f3n con aspiradora de vac\u00edo y exfoliante, que eliminaci\u00f3n espinilla, el&hellip;","og_url":"https:\/\/tienda.aurik3.com\/index.php\/producto\/extractor-digital-quita-espinillas-grasa\/","og_site_name":"Aurik3 Tienda","twitter_card":"summary_large_image","twitter_misc":{"Tiempo de lectura":"1 minuto"},"schema":{"@context":"https:\/\/schema.org","@graph":[{"@type":"WebPage","@id":"https:\/\/tienda.aurik3.com\/index.php\/producto\/extractor-digital-quita-espinillas-grasa\/","url":"https:\/\/tienda.aurik3.com\/index.php\/producto\/extractor-digital-quita-espinillas-grasa\/","name":"Extractor Digital Quita Espinillas Grasa - Aurik3 Tienda","isPartOf":{"@id":"https:\/\/tienda.aurik3.com\/#website"},"primaryImageOfPage":{"@id":"https:\/\/tienda.aurik3.com\/index.php\/producto\/extractor-digital-quita-espinillas-grasa\/#primaryimage"},"image":{"@id":"https:\/\/tienda.aurik3.com\/index.php\/producto\/extractor-digital-quita-espinillas-grasa\/#primaryimage"},"thumbnailUrl":"https:\/\/tienda.aurik3.com\/wp-content\/uploads\/2026\/01\/1254114.png","datePublished":"2026-01-09T01:40:16+00:00","breadcrumb":{"@id":"https:\/\/tienda.aurik3.com\/index.php\/producto\/extractor-digital-quita-espinillas-grasa\/#breadcrumb"},"inLanguage":"es","potentialAction":[{"@type":"ReadAction","target":["https:\/\/tienda.aurik3.com\/index.php\/producto\/extractor-digital-quita-espinillas-grasa\/"]}]},{"@type":"ImageObject","inLanguage":"es","@id":"https:\/\/tienda.aurik3.com\/index.php\/producto\/extractor-digital-quita-espinillas-grasa\/#primaryimage","url":"https:\/\/tienda.aurik3.com\/wp-content\/uploads\/2026\/01\/1254114.png","contentUrl":"https:\/\/tienda.aurik3.com\/wp-content\/uploads\/2026\/01\/1254114.png"},{"@type":"BreadcrumbList","@id":"https:\/\/tienda.aurik3.com\/index.php\/producto\/extractor-digital-quita-espinillas-grasa\/#breadcrumb","itemListElement":[{"@type":"ListItem","position":1,"name":"Portada","item":"https:\/\/tienda.aurik3.com\/"},{"@type":"ListItem","position":2,"name":"Shop","item":"https:\/\/tienda.aurik3.com\/index.php\/shop\/"},{"@type":"ListItem","position":3,"name":"Extractor Digital Quita Espinillas Grasa"}]},{"@type":"WebSite","@id":"https:\/\/tienda.aurik3.com\/#website","url":"https:\/\/tienda.aurik3.com\/","name":"Aurik3 Tienda","description":"","publisher":{"@id":"https:\/\/tienda.aurik3.com\/#organization"},"potentialAction":[{"@type":"SearchAction","target":{"@type":"EntryPoint","urlTemplate":"https:\/\/tienda.aurik3.com\/?s={search_term_string}"},"query-input":{"@type":"PropertyValueSpecification","valueRequired":true,"valueName":"search_term_string"}}],"inLanguage":"es"},{"@type":"Organization","@id":"https:\/\/tienda.aurik3.com\/#organization","name":"Aurik3 Tienda","url":"https:\/\/tienda.aurik3.com\/","logo":{"@type":"ImageObject","inLanguage":"es","@id":"https:\/\/tienda.aurik3.com\/#\/schema\/logo\/image\/","url":"https:\/\/tienda.aurik3.com\/wp-content\/uploads\/2024\/10\/envo-one-logo.png","contentUrl":"https:\/\/tienda.aurik3.com\/wp-content\/uploads\/2024\/10\/envo-one-logo.png","width":122,"height":60,"caption":"Aurik3 Tienda"},"image":{"@id":"https:\/\/tienda.aurik3.com\/#\/schema\/logo\/image\/"}}]}},"jetpack_sharing_enabled":true,"_links":{"self":[{"href":"https:\/\/tienda.aurik3.com\/index.php\/wp-json\/wp\/v2\/product\/1147","targetHints":{"allow":["GET"]}}],"collection":[{"href":"https:\/\/tienda.aurik3.com\/index.php\/wp-json\/wp\/v2\/product"}],"about":[{"href":"https:\/\/tienda.aurik3.com\/index.php\/wp-json\/wp\/v2\/types\/product"}],"replies":[{"embeddable":true,"href":"https:\/\/tienda.aurik3.com\/index.php\/wp-json\/wp\/v2\/comments?post=1147"}],"wp:featuredmedia":[{"embeddable":true,"href":"https:\/\/tienda.aurik3.com\/index.php\/wp-json\/wp\/v2\/media\/1148"}],"wp:attachment":[{"href":"https:\/\/tienda.aurik3.com\/index.php\/wp-json\/wp\/v2\/media?parent=1147"}],"wp:term":[{"taxonomy":"product_brand","embeddable":true,"href":"https:\/\/tienda.aurik3.com\/index.php\/wp-json\/wp\/v2\/product_brand?post=1147"},{"taxonomy":"product_cat","embeddable":true,"href":"https:\/\/tienda.aurik3.com\/index.php\/wp-json\/wp\/v2\/product_cat?post=1147"},{"taxonomy":"product_tag","embeddable":true,"href":"https:\/\/tienda.aurik3.com\/index.php\/wp-json\/wp\/v2\/product_tag?post=1147"}],"curies":[{"name":"wp","href":"https:\/\/api.w.org\/{rel}","templated":true}]}}