{"id":1136,"date":"2026-01-09T01:40:14","date_gmt":"2026-01-09T01:40:14","guid":{"rendered":"https:\/\/tienda.aurik3.com\/index.php\/producto\/mini-licuadora-portatil-batidora-recarga\/"},"modified":"2026-01-09T01:40:14","modified_gmt":"2026-01-09T01:40:14","slug":"mini-licuadora-portatil-batidora-recarga","status":"publish","type":"product","link":"https:\/\/tienda.aurik3.com\/index.php\/producto\/mini-licuadora-portatil-batidora-recarga\/","title":{"rendered":"Mini Licuadora Portatil Batidora Recarga"},"content":{"rendered":"<p>Material de alta calidad y grado alimenticio: utiliza una taza de borosilicato en lugar de pl\u00e1stico. Sin olor peculiar, no t\u00f3xico y ecol\u00f3gico. M\u00e1s saludable y mucho m\u00e1s f\u00e1cil de limpiar. Perfecto para hacer batidos, batidos de prote\u00ednas y m\u00e1s zumo de frutas o verduras.<\/p>\n<p>Motor de alta potencia.<br \/>Cuchillas de acero inoxidable.<br \/>Verdaderamente port\u00e1til con bater\u00eda recargable con cable USB.<br \/>Potencia: 200W.<br \/>Velocidad del motor: 15000-22000 rpm<br \/>Tipo de motor: DC 3.6V<br \/>Dimensiones del producto: 75 mm * 75 mm * 230 mm<br \/>El interruptor ON \/ OFF de alimentaci\u00f3n tiene&lt; bloqueo de seguridad: Contacto moment\u00e1neo.<\/p>\n<p>GARANTIAS QUE APLICAN&nbsp;<\/p>\n<ol>\n<li>PEDIDO IMCOMPLETO<\/li>\n<li>PRODUCTO ROTO<\/li>\n<li>PRODUCTO DIFERENTE A LO QUE PIDIO<\/li>\n<li>UNA VEZ&nbsp; LLEGUE EL PRODCTO POR &nbsp;REVISAR QUE&nbsp;ESTE EN BUEN ESTADO, QUE FUNCIONE Y QUE SI SEA EL PRODUCTO QUE SE PIDIO, NUESTROS PRODUCTOS SOLO CUENTAN CON 10 DIAS DE GARANTIA.<\/li>\n<\/ol>\n<p>GARANTIAS QUE NO APLICAN&nbsp;<\/p>\n<ol>\n<li>MAL FUNCIONAMIENTO DEL PRODUCTO<\/li>\n<li>ORDEN DIFERENTE<\/li>\n<li>DESPUES 10 DIAS NO CUBRIMOS CON GARANT\u00cdAS<\/li>\n<\/ol>\n<p>&nbsp;<\/p>\n","protected":false},"excerpt":{"rendered":"<p>Material de alta calidad y grado alimenticio: utiliza una taza de borosilicato en lugar de pl\u00e1stico. Sin olor peculiar, no t\u00f3xico y ecol\u00f3gico. M\u00e1s saludable y mucho m\u00e1s f\u00e1cil de limpiar. Perfecto para hacer batidos, batidos de prote\u00ednas y m\u00e1s zumo de frutas o verduras. Motor de alta potencia.Cuchillas de acero inoxidable.Verdaderamente port\u00e1til con bater\u00eda&hellip;<\/p>\n","protected":false},"featured_media":1137,"comment_status":"open","ping_status":"closed","template":"","meta":[],"product_brand":[],"product_cat":[33],"product_tag":[],"class_list":{"0":"post-1136","1":"product","2":"type-product","3":"status-publish","4":"has-post-thumbnail","6":"product_cat-belleza","8":"first","9":"instock","10":"shipping-taxable","11":"purchasable","12":"product-type-simple"},"yoast_head":"<!-- This site is optimized with the Yoast SEO plugin v26.7 - https:\/\/yoast.com\/wordpress\/plugins\/seo\/ -->\n<title>Mini Licuadora Portatil Batidora Recarga - Aurik3 Tienda<\/title>\n<meta name=\"robots\" content=\"index, follow, max-snippet:-1, max-image-preview:large, max-video-preview:-1\" \/>\n<link rel=\"canonical\" href=\"https:\/\/tienda.aurik3.com\/index.php\/producto\/mini-licuadora-portatil-batidora-recarga\/\" \/>\n<meta property=\"og:locale\" content=\"es_ES\" \/>\n<meta property=\"og:type\" content=\"article\" \/>\n<meta property=\"og:title\" content=\"Mini Licuadora Portatil Batidora Recarga - Aurik3 Tienda\" \/>\n<meta property=\"og:description\" content=\"Material de alta calidad y grado alimenticio: utiliza una taza de borosilicato en lugar de pl\u00e1stico. Sin olor peculiar, no t\u00f3xico y ecol\u00f3gico. M\u00e1s saludable y mucho m\u00e1s f\u00e1cil de limpiar. Perfecto para hacer batidos, batidos de prote\u00ednas y m\u00e1s zumo de frutas o verduras. Motor de alta potencia.Cuchillas de acero inoxidable.Verdaderamente port\u00e1til con bater\u00eda&hellip;\" \/>\n<meta property=\"og:url\" content=\"https:\/\/tienda.aurik3.com\/index.php\/producto\/mini-licuadora-portatil-batidora-recarga\/\" \/>\n<meta property=\"og:site_name\" content=\"Aurik3 Tienda\" \/>\n<meta name=\"twitter:card\" content=\"summary_large_image\" \/>\n<meta name=\"twitter:label1\" content=\"Tiempo de lectura\" \/>\n\t<meta name=\"twitter:data1\" content=\"1 minuto\" \/>\n<script type=\"application\/ld+json\" class=\"yoast-schema-graph\">{\"@context\":\"https:\/\/schema.org\",\"@graph\":[{\"@type\":\"WebPage\",\"@id\":\"https:\/\/tienda.aurik3.com\/index.php\/producto\/mini-licuadora-portatil-batidora-recarga\/\",\"url\":\"https:\/\/tienda.aurik3.com\/index.php\/producto\/mini-licuadora-portatil-batidora-recarga\/\",\"name\":\"Mini Licuadora Portatil Batidora Recarga - Aurik3 Tienda\",\"isPartOf\":{\"@id\":\"https:\/\/tienda.aurik3.com\/#website\"},\"primaryImageOfPage\":{\"@id\":\"https:\/\/tienda.aurik3.com\/index.php\/producto\/mini-licuadora-portatil-batidora-recarga\/#primaryimage\"},\"image\":{\"@id\":\"https:\/\/tienda.aurik3.com\/index.php\/producto\/mini-licuadora-portatil-batidora-recarga\/#primaryimage\"},\"thumbnailUrl\":\"https:\/\/tienda.aurik3.com\/wp-content\/uploads\/2026\/01\/1402475.png\",\"datePublished\":\"2026-01-09T01:40:14+00:00\",\"breadcrumb\":{\"@id\":\"https:\/\/tienda.aurik3.com\/index.php\/producto\/mini-licuadora-portatil-batidora-recarga\/#breadcrumb\"},\"inLanguage\":\"es\",\"potentialAction\":[{\"@type\":\"ReadAction\",\"target\":[\"https:\/\/tienda.aurik3.com\/index.php\/producto\/mini-licuadora-portatil-batidora-recarga\/\"]}]},{\"@type\":\"ImageObject\",\"inLanguage\":\"es\",\"@id\":\"https:\/\/tienda.aurik3.com\/index.php\/producto\/mini-licuadora-portatil-batidora-recarga\/#primaryimage\",\"url\":\"https:\/\/tienda.aurik3.com\/wp-content\/uploads\/2026\/01\/1402475.png\",\"contentUrl\":\"https:\/\/tienda.aurik3.com\/wp-content\/uploads\/2026\/01\/1402475.png\"},{\"@type\":\"BreadcrumbList\",\"@id\":\"https:\/\/tienda.aurik3.com\/index.php\/producto\/mini-licuadora-portatil-batidora-recarga\/#breadcrumb\",\"itemListElement\":[{\"@type\":\"ListItem\",\"position\":1,\"name\":\"Portada\",\"item\":\"https:\/\/tienda.aurik3.com\/\"},{\"@type\":\"ListItem\",\"position\":2,\"name\":\"Shop\",\"item\":\"https:\/\/tienda.aurik3.com\/index.php\/shop\/\"},{\"@type\":\"ListItem\",\"position\":3,\"name\":\"Mini Licuadora Portatil Batidora Recarga\"}]},{\"@type\":\"WebSite\",\"@id\":\"https:\/\/tienda.aurik3.com\/#website\",\"url\":\"https:\/\/tienda.aurik3.com\/\",\"name\":\"Aurik3 Tienda\",\"description\":\"\",\"publisher\":{\"@id\":\"https:\/\/tienda.aurik3.com\/#organization\"},\"potentialAction\":[{\"@type\":\"SearchAction\",\"target\":{\"@type\":\"EntryPoint\",\"urlTemplate\":\"https:\/\/tienda.aurik3.com\/?s={search_term_string}\"},\"query-input\":{\"@type\":\"PropertyValueSpecification\",\"valueRequired\":true,\"valueName\":\"search_term_string\"}}],\"inLanguage\":\"es\"},{\"@type\":\"Organization\",\"@id\":\"https:\/\/tienda.aurik3.com\/#organization\",\"name\":\"Aurik3 Tienda\",\"url\":\"https:\/\/tienda.aurik3.com\/\",\"logo\":{\"@type\":\"ImageObject\",\"inLanguage\":\"es\",\"@id\":\"https:\/\/tienda.aurik3.com\/#\/schema\/logo\/image\/\",\"url\":\"https:\/\/tienda.aurik3.com\/wp-content\/uploads\/2024\/10\/envo-one-logo.png\",\"contentUrl\":\"https:\/\/tienda.aurik3.com\/wp-content\/uploads\/2024\/10\/envo-one-logo.png\",\"width\":122,\"height\":60,\"caption\":\"Aurik3 Tienda\"},\"image\":{\"@id\":\"https:\/\/tienda.aurik3.com\/#\/schema\/logo\/image\/\"}}]}<\/script>\n<!-- \/ Yoast SEO plugin. -->","yoast_head_json":{"title":"Mini Licuadora Portatil Batidora Recarga - Aurik3 Tienda","robots":{"index":"index","follow":"follow","max-snippet":"max-snippet:-1","max-image-preview":"max-image-preview:large","max-video-preview":"max-video-preview:-1"},"canonical":"https:\/\/tienda.aurik3.com\/index.php\/producto\/mini-licuadora-portatil-batidora-recarga\/","og_locale":"es_ES","og_type":"article","og_title":"Mini Licuadora Portatil Batidora Recarga - Aurik3 Tienda","og_description":"Material de alta calidad y grado alimenticio: utiliza una taza de borosilicato en lugar de pl\u00e1stico. Sin olor peculiar, no t\u00f3xico y ecol\u00f3gico. M\u00e1s saludable y mucho m\u00e1s f\u00e1cil de limpiar. Perfecto para hacer batidos, batidos de prote\u00ednas y m\u00e1s zumo de frutas o verduras. Motor de alta potencia.Cuchillas de acero inoxidable.Verdaderamente port\u00e1til con bater\u00eda&hellip;","og_url":"https:\/\/tienda.aurik3.com\/index.php\/producto\/mini-licuadora-portatil-batidora-recarga\/","og_site_name":"Aurik3 Tienda","twitter_card":"summary_large_image","twitter_misc":{"Tiempo de lectura":"1 minuto"},"schema":{"@context":"https:\/\/schema.org","@graph":[{"@type":"WebPage","@id":"https:\/\/tienda.aurik3.com\/index.php\/producto\/mini-licuadora-portatil-batidora-recarga\/","url":"https:\/\/tienda.aurik3.com\/index.php\/producto\/mini-licuadora-portatil-batidora-recarga\/","name":"Mini Licuadora Portatil Batidora Recarga - Aurik3 Tienda","isPartOf":{"@id":"https:\/\/tienda.aurik3.com\/#website"},"primaryImageOfPage":{"@id":"https:\/\/tienda.aurik3.com\/index.php\/producto\/mini-licuadora-portatil-batidora-recarga\/#primaryimage"},"image":{"@id":"https:\/\/tienda.aurik3.com\/index.php\/producto\/mini-licuadora-portatil-batidora-recarga\/#primaryimage"},"thumbnailUrl":"https:\/\/tienda.aurik3.com\/wp-content\/uploads\/2026\/01\/1402475.png","datePublished":"2026-01-09T01:40:14+00:00","breadcrumb":{"@id":"https:\/\/tienda.aurik3.com\/index.php\/producto\/mini-licuadora-portatil-batidora-recarga\/#breadcrumb"},"inLanguage":"es","potentialAction":[{"@type":"ReadAction","target":["https:\/\/tienda.aurik3.com\/index.php\/producto\/mini-licuadora-portatil-batidora-recarga\/"]}]},{"@type":"ImageObject","inLanguage":"es","@id":"https:\/\/tienda.aurik3.com\/index.php\/producto\/mini-licuadora-portatil-batidora-recarga\/#primaryimage","url":"https:\/\/tienda.aurik3.com\/wp-content\/uploads\/2026\/01\/1402475.png","contentUrl":"https:\/\/tienda.aurik3.com\/wp-content\/uploads\/2026\/01\/1402475.png"},{"@type":"BreadcrumbList","@id":"https:\/\/tienda.aurik3.com\/index.php\/producto\/mini-licuadora-portatil-batidora-recarga\/#breadcrumb","itemListElement":[{"@type":"ListItem","position":1,"name":"Portada","item":"https:\/\/tienda.aurik3.com\/"},{"@type":"ListItem","position":2,"name":"Shop","item":"https:\/\/tienda.aurik3.com\/index.php\/shop\/"},{"@type":"ListItem","position":3,"name":"Mini Licuadora Portatil Batidora Recarga"}]},{"@type":"WebSite","@id":"https:\/\/tienda.aurik3.com\/#website","url":"https:\/\/tienda.aurik3.com\/","name":"Aurik3 Tienda","description":"","publisher":{"@id":"https:\/\/tienda.aurik3.com\/#organization"},"potentialAction":[{"@type":"SearchAction","target":{"@type":"EntryPoint","urlTemplate":"https:\/\/tienda.aurik3.com\/?s={search_term_string}"},"query-input":{"@type":"PropertyValueSpecification","valueRequired":true,"valueName":"search_term_string"}}],"inLanguage":"es"},{"@type":"Organization","@id":"https:\/\/tienda.aurik3.com\/#organization","name":"Aurik3 Tienda","url":"https:\/\/tienda.aurik3.com\/","logo":{"@type":"ImageObject","inLanguage":"es","@id":"https:\/\/tienda.aurik3.com\/#\/schema\/logo\/image\/","url":"https:\/\/tienda.aurik3.com\/wp-content\/uploads\/2024\/10\/envo-one-logo.png","contentUrl":"https:\/\/tienda.aurik3.com\/wp-content\/uploads\/2024\/10\/envo-one-logo.png","width":122,"height":60,"caption":"Aurik3 Tienda"},"image":{"@id":"https:\/\/tienda.aurik3.com\/#\/schema\/logo\/image\/"}}]}},"jetpack_sharing_enabled":true,"_links":{"self":[{"href":"https:\/\/tienda.aurik3.com\/index.php\/wp-json\/wp\/v2\/product\/1136","targetHints":{"allow":["GET"]}}],"collection":[{"href":"https:\/\/tienda.aurik3.com\/index.php\/wp-json\/wp\/v2\/product"}],"about":[{"href":"https:\/\/tienda.aurik3.com\/index.php\/wp-json\/wp\/v2\/types\/product"}],"replies":[{"embeddable":true,"href":"https:\/\/tienda.aurik3.com\/index.php\/wp-json\/wp\/v2\/comments?post=1136"}],"wp:featuredmedia":[{"embeddable":true,"href":"https:\/\/tienda.aurik3.com\/index.php\/wp-json\/wp\/v2\/media\/1137"}],"wp:attachment":[{"href":"https:\/\/tienda.aurik3.com\/index.php\/wp-json\/wp\/v2\/media?parent=1136"}],"wp:term":[{"taxonomy":"product_brand","embeddable":true,"href":"https:\/\/tienda.aurik3.com\/index.php\/wp-json\/wp\/v2\/product_brand?post=1136"},{"taxonomy":"product_cat","embeddable":true,"href":"https:\/\/tienda.aurik3.com\/index.php\/wp-json\/wp\/v2\/product_cat?post=1136"},{"taxonomy":"product_tag","embeddable":true,"href":"https:\/\/tienda.aurik3.com\/index.php\/wp-json\/wp\/v2\/product_tag?post=1136"}],"curies":[{"name":"wp","href":"https:\/\/api.w.org\/{rel}","templated":true}]}}